{"id":206,"date":"2024-05-17T20:32:05","date_gmt":"2024-05-17T18:32:05","guid":{"rendered":"https:\/\/ninamichoux.com\/?page_id=206"},"modified":"2024-08-20T13:42:23","modified_gmt":"2024-08-20T11:42:23","slug":"mon-parcours","status":"publish","type":"page","link":"https:\/\/ninamichoux.com\/?page_id=206","title":{"rendered":"Mon parcours"},"content":{"rendered":"\n<figure class=\"wp-block-image aligncenter size-full is-resized\"><img fetchpriority=\"high\" decoding=\"async\" width=\"895\" height=\"454\" src=\"https:\/\/ninamichoux.com\/wp-content\/uploads\/2024\/05\/Capture-decran-2024-05-17-202551.png\" alt=\"\" class=\"wp-image-207\" style=\"width:398px;height:auto\" srcset=\"https:\/\/ninamichoux.com\/wp-content\/uploads\/2024\/05\/Capture-decran-2024-05-17-202551.png 895w, https:\/\/ninamichoux.com\/wp-content\/uploads\/2024\/05\/Capture-decran-2024-05-17-202551-300x152.png 300w, https:\/\/ninamichoux.com\/wp-content\/uploads\/2024\/05\/Capture-decran-2024-05-17-202551-768x390.png 768w\" sizes=\"(max-width: 895px) 100vw, 895px\" \/><\/figure>\n\n\n\n<hr class=\"wp-block-separator has-alpha-channel-opacity\"\/>\n\n\n\n<p>J\u2019ai suivi la formation professionnelle de l\u2019Ecole de Communication Animale Multidimensionnelle et Th\u00e9rapeutique (ECAMT) fond\u00e9e par Aurore Pramil. Elle est l\u2019une des seules formations de communication animale en France certifi\u00e9e du label national qualit\u00e9 Qualiopi par l\u2019AFNOR.<\/p>\n\n\n\n<p>La formation se d\u00e9roule en 3 steps, dont le dernier est professionnalisant.<\/p>\n\n\n\n<p>Durant le 1<sup>er<\/sup> step, j\u2019ai appris les bases th\u00e9oriques et pratiques de la communication animale. <\/p>\n\n\n\n<p>Le 2<sup>\u00e8me<\/sup> step m\u2019a permis d\u2019approfondir les notions abord\u00e9es en termes d\u2019\u00e9motionnel et d\u2019\u00e9nerg\u00e9tique. <\/p>\n\n\n\n<p>Enfin, le step 3 allie pratique intense et supervis\u00e9e \u00e0 un enseignement pr\u00e9cis en psychologie, philosophie, physique quantique, g\u00e9obiologie, \u00e9thologie et psychog\u00e9n\u00e9alogie entre autres, d\u2019o\u00f9 le terme multidimensionnel qui caract\u00e9rise ma pratique&nbsp;! <\/p>\n\n\n\n<p>Ce dernier step est ponctu\u00e9 d\u2019un rapport final \u00e9crit \u00e0 pr\u00e9senter oralement devant un jury compos\u00e9 de professionnels du bien-\u00eatre humain et animal.<\/p>\n\n\n\n<p>Il \u00e9tait essentiel pour moi de passer par une formation compl\u00e8te et exigeante. Cela permet en effet de participer \u00e0 la reconnaissance de ce m\u00e9tier et \u00e0 son besoin de cadre l\u00e9gal pour l\u2019exercer avec \u00e9thique et bienveillance.<\/p>\n\n\n\n<p>Aujourd&rsquo;hui, j&rsquo;ai rejoint l&rsquo;\u00e9quipe p\u00e9dagogique de l&rsquo;ECAMT. En plus d&rsquo;\u00eatre praticienne, je suis donc \u00e9galement formatrice en communication animale. <\/p>\n","protected":false},"excerpt":{"rendered":"<p>J\u2019ai suivi la formation professionnelle de l\u2019Ecole de Communication Animale Multidimensionnelle et Th\u00e9rapeutique (ECAMT) fond\u00e9e par Aurore Pramil. Elle est l\u2019une des seules formations de communication animale en France certifi\u00e9e du label national qualit\u00e9 Qualiopi par l\u2019AFNOR. La formation se d\u00e9roule en 3 steps, dont le dernier est professionnalisant. Durant le 1er step, j\u2019ai appris [&hellip;]<\/p>\n","protected":false},"author":1,"featured_media":0,"parent":0,"menu_order":0,"comment_status":"closed","ping_status":"closed","template":"","meta":{"footnotes":""},"class_list":["post-206","page","type-page","status-publish","hentry"],"_links":{"self":[{"href":"https:\/\/ninamichoux.com\/index.php?rest_route=\/wp\/v2\/pages\/206","targetHints":{"allow":["GET"]}}],"collection":[{"href":"https:\/\/ninamichoux.com\/index.php?rest_route=\/wp\/v2\/pages"}],"about":[{"href":"https:\/\/ninamichoux.com\/index.php?rest_route=\/wp\/v2\/types\/page"}],"author":[{"embeddable":true,"href":"https:\/\/ninamichoux.com\/index.php?rest_route=\/wp\/v2\/users\/1"}],"replies":[{"embeddable":true,"href":"https:\/\/ninamichoux.com\/index.php?rest_route=%2Fwp%2Fv2%2Fcomments&post=206"}],"version-history":[{"count":6,"href":"https:\/\/ninamichoux.com\/index.php?rest_route=\/wp\/v2\/pages\/206\/revisions"}],"predecessor-version":[{"id":508,"href":"https:\/\/ninamichoux.com\/index.php?rest_route=\/wp\/v2\/pages\/206\/revisions\/508"}],"wp:attachment":[{"href":"https:\/\/ninamichoux.com\/index.php?rest_route=%2Fwp%2Fv2%2Fmedia&parent=206"}],"curies":[{"name":"wp","href":"https:\/\/api.w.org\/{rel}","templated":true}]}}