{"id":219,"date":"2024-05-20T17:44:25","date_gmt":"2024-05-20T15:44:25","guid":{"rendered":"https:\/\/ninamichoux.com\/?page_id=219"},"modified":"2026-03-02T10:44:36","modified_gmt":"2026-03-02T09:44:36","slug":"mon-ethique","status":"publish","type":"page","link":"https:\/\/ninamichoux.com\/?page_id=219","title":{"rendered":"Mon \u00e9thique"},"content":{"rendered":"\n<div class=\"wp-block-columns alignfull is-layout-flex wp-container-core-columns-is-layout-28f84493 wp-block-columns-is-layout-flex\">\n<div class=\"wp-block-column is-layout-flow wp-block-column-is-layout-flow\" style=\"flex-basis:100%\">\n<div class=\"wp-block-group alignfull has-ti-fg-background-color has-background is-layout-constrained wp-block-group-is-layout-constrained\">\n<figure class=\"wp-block-image alignfull size-large\"><img fetchpriority=\"high\" decoding=\"async\" width=\"1024\" height=\"307\" src=\"https:\/\/ninamichoux.com\/wp-content\/uploads\/2024\/05\/Design-sans-titre-9-1024x307.png\" alt=\"\" class=\"wp-image-233\" srcset=\"https:\/\/ninamichoux.com\/wp-content\/uploads\/2024\/05\/Design-sans-titre-9-1024x307.png 1024w, https:\/\/ninamichoux.com\/wp-content\/uploads\/2024\/05\/Design-sans-titre-9-300x90.png 300w, https:\/\/ninamichoux.com\/wp-content\/uploads\/2024\/05\/Design-sans-titre-9-768x230.png 768w, https:\/\/ninamichoux.com\/wp-content\/uploads\/2024\/05\/Design-sans-titre-9-1536x461.png 1536w, https:\/\/ninamichoux.com\/wp-content\/uploads\/2024\/05\/Design-sans-titre-9.png 2000w\" sizes=\"(max-width: 1024px) 100vw, 1024px\" \/><\/figure>\n<\/div>\n<\/div>\n<\/div>\n\n\n\n<hr class=\"wp-block-separator has-alpha-channel-opacity\"\/>\n\n\n\n<p>Les animaux m\u2019ont fait r\u00e9aliser que nous vivons dans le m\u00eame monde, mais pas dans la m\u00eame r\u00e9alit\u00e9, ce qui peut \u00eatre \u00e0 la base de nombreux conflits et incompr\u00e9hensions avec les humains. Et c\u2019est l\u00e0 tout l\u2019enjeu de la communication animale selon moi&nbsp;: faire le lien entre tous ces points de vue diff\u00e9rents afin d\u2019\u00e9voluer ensemble sereinement.<\/p>\n\n\n\n<p>Au-del\u00e0 d\u2019un \u00e9panouissement professionnel, devenir praticienne en communication animale est une mani\u00e8re pour moi d\u2019aider comme j\u2019ai pu \u00eatre aid\u00e9e. Je veux transformer les briques de mon pass\u00e9 en marches lumineuses qui permettront \u00e0 d\u2019autres de grimper vers un mieux-\u00eatre. Mais cela n\u00e9cessite selon moi des principes \u00e9thiques \u00e0 respecter. Ainsi : <\/p>\n\n\n\n<ul class=\"wp-block-list\">\n<li>Je m\u2019engage \u00e0 \u00eatre une professionnelle de confiance en respectant le secret de la parole des animaux et des humains que j\u2019aide<\/li>\n\n\n\n<li>Je m\u2019abstiens d\u2019aller au-del\u00e0 de mes fonctions pour rester dans mon domaine de comp\u00e9tences<\/li>\n\n\n\n<li>Je suis fid\u00e8le aux messages que je re\u00e7ois en veillant \u00e0 les transformer le moins possible et \u00e0 limiter les interpr\u00e9tations<\/li>\n\n\n\n<li>Je n\u2019interviens que lorsque c\u2019est justifi\u00e9 et que je suis autoris\u00e9e, \u00e0 la fois par le gardien et par l\u2019animal<\/li>\n\n\n\n<li>Je connais les d\u00e9rives possibles de manipulation mentale li\u00e9es \u00e0 la pratique et me garde bien d\u2019en user \u00e0 des fins professionnelles tout comme personnelles<\/li>\n\n\n\n<li>Je prends le temps de transmettre le message de l\u2019animal et d\u2019accompagner les \u00e9motions de son gardien<\/li>\n\n\n\n<li>Je collabore avec les \u00e9nergies qui me guident et ne suis donc pas ma\u00eetresse mais au service de ces derni\u00e8res<\/li>\n\n\n\n<li>J\u2019ai conscience du libre-arbitre inh\u00e9rent \u00e0 chaque \u00eatre vivant et m\u2019engage \u00e0 le respecter pour l\u2019animal et pour son gardien<\/li>\n\n\n\n<li>J\u2019accepte de me remettre en question et de continuer \u00e0 \u0153uvrer pour mon d\u00e9veloppement personnel et spirituel<\/li>\n<\/ul>\n\n\n\n<p>Aussi, j\u2019agis en compl\u00e9ment d\u2019un suivi m\u00e9dical et non en substitut. Le praticien en communication animale n\u2019est en effet pas un magicien mais un messager. Il est l\u00e0 pour accompagner, aider \u00e0 comprendre et \u00e9ventuellement trouver des solutions mais il ne garantit pas de gu\u00e9rison psychique ou physique. Cela d\u00e9pend de ph\u00e9nom\u00e8nes ind\u00e9pendants de sa seule action. L\u2019id\u00e9e est de pouvoir combiner les diff\u00e9rentes m\u00e9thodes pour maximiser les chances d\u2019am\u00e9liorer le bien-\u00eatre de l\u2019animal et de son gardien.<\/p>\n\n\n\n<p>Par ailleurs, j\u2019agis en distanciel principalement. En effet, lorsque je me connecte en pr\u00e9sentiel avec un animal inconnu, cela me demande le double d\u2019efforts car je dois faire le tri entre l\u2019\u00e9nergie de l\u2019animal m\u00eame, celle des animaux vivant \u00e9ventuellement avec lui, celle de son gardien, celle de son lieu de vie\u2026 Alors qu\u2019\u00e0 distance, je peux rapidement me \u00ab&nbsp;brancher&nbsp;\u00bb sur l\u2019\u00e9nergie de l\u2019animal en question. <\/p>\n\n\n\n<p>Egalement, j\u2019ai fait le choix de ne pas proposer de service concernant les animaux perdus. En effet, \u00e9thiquement, cela me met mal \u00e0 l\u2019aise d\u2019\u00eatre face \u00e0 des personnes dont l\u2019\u00e9tat de d\u00e9tresse est souvent tel qu\u2019elles seraient pr\u00eates \u00e0 donner tout ce qu\u2019elles ont pour retrouver leur animal. Aussi, la marge d\u2019erreur est importante dans ce type de situation. Le communicant peut recevoir de fausses informations. Elles peuvent par exemple provenir des projections mentales du gardien (qui imagine souvent le pire) que le praticien va capter involontairement, ou encore de l\u2019animal m\u00eame, qui nous envoie sur de mauvaises pistes car il ne souhaite pas \u00eatre retrouv\u00e9. L\u2019animal peut en effet d\u00e9cider de lui-m\u00eame de quitter son foyer. Cela peut \u00eatre le cas s\u2019il a autre chose \u00e0 accomplir ailleurs, ou bien s\u2019il sent que cela permettra de provoquer des prises de conscience n\u00e9cessaires chez son gardien.<\/p>\n\n\n\n<p>Il faut \u00e9galement noter qu\u2019une communication animale me demande un effort de plusieurs heures de concentration intense et de canalisation. Je ne suis donc pas en mesure d\u2019effectuer des communications \u00e0 la cha\u00eene. Je souhaite en effet conserver une qualit\u00e9 dans mon travail pour tout animal et humain qui viendrait \u00e0 ma rencontre, tout en respectant ma sant\u00e9.<\/p>\n\n\n\n<p>Enfin, je propose des communications animales pour tous types d\u2019animaux mais \u00e9tant moi-m\u00eame gardienne d\u2019un jeune cheval et d\u2019un chat, je me sens particuli\u00e8rement proche des mondes \u00e9quin et f\u00e9lin. Forte de mon exp\u00e9rience dans l\u2019\u00e9ducation du jeune cheval aupr\u00e8s d\u2019une amie \u00e9leveuse et v\u00e9t\u00e9rinaire, j\u2019ai pu r\u00e9aliser l\u2019apport b\u00e9n\u00e9fique de la communication animale tout au long d\u2019un d\u00e9bourrage. Par ailleurs, il me tient \u00e0 c\u0153ur de faciliter les relations chat-humain, notamment dans des p\u00e9riodes difficiles comme les d\u00e9m\u00e9nagements, l\u2019arriv\u00e9e d\u2019un nouveau membre dans la famille, ou encore la pr\u00e9paration \u00e0 une consultation v\u00e9t\u00e9rinaire.<\/p>\n","protected":false},"excerpt":{"rendered":"<p>Les animaux m\u2019ont fait r\u00e9aliser que nous vivons dans le m\u00eame monde, mais pas dans la m\u00eame r\u00e9alit\u00e9, ce qui peut \u00eatre \u00e0 la base de nombreux conflits et incompr\u00e9hensions avec les humains. Et c\u2019est l\u00e0 tout l\u2019enjeu de la communication animale selon moi&nbsp;: faire le lien entre tous ces points de vue diff\u00e9rents afin [&hellip;]<\/p>\n","protected":false},"author":1,"featured_media":0,"parent":0,"menu_order":0,"comment_status":"closed","ping_status":"closed","template":"","meta":{"footnotes":""},"class_list":["post-219","page","type-page","status-publish","hentry"],"_links":{"self":[{"href":"https:\/\/ninamichoux.com\/index.php?rest_route=\/wp\/v2\/pages\/219","targetHints":{"allow":["GET"]}}],"collection":[{"href":"https:\/\/ninamichoux.com\/index.php?rest_route=\/wp\/v2\/pages"}],"about":[{"href":"https:\/\/ninamichoux.com\/index.php?rest_route=\/wp\/v2\/types\/page"}],"author":[{"embeddable":true,"href":"https:\/\/ninamichoux.com\/index.php?rest_route=\/wp\/v2\/users\/1"}],"replies":[{"embeddable":true,"href":"https:\/\/ninamichoux.com\/index.php?rest_route=%2Fwp%2Fv2%2Fcomments&post=219"}],"version-history":[{"count":12,"href":"https:\/\/ninamichoux.com\/index.php?rest_route=\/wp\/v2\/pages\/219\/revisions"}],"predecessor-version":[{"id":647,"href":"https:\/\/ninamichoux.com\/index.php?rest_route=\/wp\/v2\/pages\/219\/revisions\/647"}],"wp:attachment":[{"href":"https:\/\/ninamichoux.com\/index.php?rest_route=%2Fwp%2Fv2%2Fmedia&parent=219"}],"curies":[{"name":"wp","href":"https:\/\/api.w.org\/{rel}","templated":true}]}}