{"id":315,"date":"2024-05-23T12:29:17","date_gmt":"2024-05-23T10:29:17","guid":{"rendered":"https:\/\/ninamichoux.com\/?page_id=315"},"modified":"2024-05-27T13:17:35","modified_gmt":"2024-05-27T11:17:35","slug":"a-savoir","status":"publish","type":"page","link":"https:\/\/ninamichoux.com\/?page_id=315","title":{"rendered":"\u00c0 savoir"},"content":{"rendered":"\n<p class=\"has-text-align-center\">Une communication animale implique divers \u00e9l\u00e9ments essentiels \u00e0 avoir en t\u00eate avant de franchir le pas.<\/p>\n\n\n\n<p><\/p>\n\n\n\n<div class=\"wp-block-columns alignfull is-layout-flex wp-container-core-columns-is-layout-28f84493 wp-block-columns-is-layout-flex\">\n<div class=\"wp-block-column is-layout-flow wp-block-column-is-layout-flow\" style=\"flex-basis:100%\">\n<div class=\"wp-block-group alignfull has-ti-fg-alt-color has-ti-bg-inv-background-color has-text-color has-background is-layout-constrained wp-container-core-group-is-layout-a8fb0c24 wp-block-group-is-layout-constrained\" style=\"margin-top:56px;margin-bottom:56px;padding-top:64px;padding-bottom:64px\">\n<div class=\"wp-block-group alignwide is-layout-constrained wp-container-core-group-is-layout-105570a8 wp-block-group-is-layout-constrained\"><\/div>\n\n\n\n<div class=\"wp-block-columns alignwide is-layout-flex wp-container-core-columns-is-layout-28f84493 wp-block-columns-is-layout-flex\">\n<div class=\"wp-block-column is-layout-flow wp-block-column-is-layout-flow\" style=\"flex-basis:33.34%\">\n<div class=\"wp-block-group has-ti-bg-inv-background-color has-background is-layout-constrained wp-container-core-group-is-layout-138c33e9 wp-block-group-is-layout-constrained\" style=\"border-width:1px;padding-top:32px;padding-right:32px;padding-bottom:32px;padding-left:32px\">\n<h3 class=\"wp-block-heading has-text-align-center has-medium-font-size\">Voir l&rsquo;animal autrement<\/h3>\n\n\n\n<p class=\"has-text-align-center\">Dans une communication, l&rsquo;animal transmet des choses dans un plan autre que le plan physique dans lequel son gardien le conna\u00eet. Il est donc possible d\u2019avoir acc\u00e8s \u00e0 des \u00e9l\u00e9ments que le gardien ignore ou bien qui sont contraires \u00e0 ce qu\u2019il pensait jusque-l\u00e0.<\/p>\n<\/div>\n<\/div>\n\n\n\n<div class=\"wp-block-column is-layout-flow wp-block-column-is-layout-flow\" style=\"flex-basis:33.34%\">\n<div class=\"wp-block-group has-ti-bg-inv-background-color has-background is-layout-constrained wp-container-core-group-is-layout-138c33e9 wp-block-group-is-layout-constrained\" style=\"border-width:1px;padding-top:32px;padding-right:32px;padding-bottom:32px;padding-left:32px\">\n<h3 class=\"wp-block-heading has-text-align-center has-medium-font-size\">L&rsquo;instant T<\/h3>\n\n\n\n<p class=\"has-text-align-center\">Une communication effectu\u00e9e un jour J peut r\u00e9v\u00e9ler des informations diff\u00e9rentes d\u2019une communication effectu\u00e9e au jour J+1. Le communicant transmet ce que le gardien doit et est pr\u00eat \u00e0 recevoir \u00e0 un instant t. Ainsi, avec le temps, le gardien est plus ou moins dispos\u00e9 \u00e0 recevoir d\u2019autres informations.<\/p>\n<\/div>\n<\/div>\n\n\n\n<div class=\"wp-block-column is-layout-flow wp-block-column-is-layout-flow\" style=\"flex-basis:33.33%\">\n<div class=\"wp-block-group has-ti-bg-inv-background-color has-background is-layout-constrained wp-container-core-group-is-layout-138c33e9 wp-block-group-is-layout-constrained\" style=\"border-width:1px;padding-top:32px;padding-right:32px;padding-bottom:32px;padding-left:32px\">\n<h3 class=\"wp-block-heading has-text-align-center has-medium-font-size\">La multidimensionnalit\u00e9<\/h3>\n\n\n\n<p class=\"has-text-align-center\">Une communication animale est multidimensionnelle. Cela signifie qu\u2019une probl\u00e9matique observ\u00e9e dans la dimension physique (exemple : probl\u00e8me de comportement) peut prendre racine dans d\u2019autres dimensions (\u00e9motionnelle, karmique, transg\u00e9n\u00e9rationnelle, etc.).<\/p>\n<\/div>\n<\/div>\n<\/div>\n\n\n\n<div class=\"wp-block-columns alignwide is-layout-flex wp-container-core-columns-is-layout-28f84493 wp-block-columns-is-layout-flex\">\n<div class=\"wp-block-column is-layout-flow wp-block-column-is-layout-flow\" style=\"flex-basis:33.34%\">\n<div class=\"wp-block-group has-ti-bg-inv-background-color has-background is-layout-constrained wp-container-core-group-is-layout-138c33e9 wp-block-group-is-layout-constrained\" style=\"border-width:1px;padding-top:32px;padding-right:32px;padding-bottom:32px;padding-left:32px\">\n<h3 class=\"wp-block-heading has-text-align-center has-medium-font-size\">L&rsquo;espace-temps <\/h3>\n\n\n\n<p class=\"has-text-align-center\">Une communication animale m\u00eale des informations li\u00e9es au pass\u00e9, au pr\u00e9sent et au futur. Certaines choses vont en effet r\u00e9sonner pour le gardien sur le moment et d\u2019autres non, car elles interviendront peut-\u00eatre plus tard dans sa vie, d&rsquo;o\u00f9 l&rsquo;importance du compte-rendu \u00e9crit de l&rsquo;\u00e9change.<\/p>\n<\/div>\n<\/div>\n\n\n\n<div class=\"wp-block-column is-layout-flow wp-block-column-is-layout-flow\" style=\"flex-basis:33.34%\">\n<div class=\"wp-block-group has-ti-bg-inv-background-color has-background is-layout-constrained wp-container-core-group-is-layout-138c33e9 wp-block-group-is-layout-constrained\" style=\"border-width:1px;padding-top:32px;padding-right:32px;padding-bottom:32px;padding-left:32px\">\n<h3 class=\"wp-block-heading has-text-align-center has-medium-font-size\">La place de l&rsquo;humain<\/h3>\n\n\n\n<p class=\"has-text-align-center\">Une communication animale implique aussi l\u2019humain. Tel un miroir, certaines choses li\u00e9es au gardien peuvent \u00eatre refl\u00e9t\u00e9es lors d\u2019une communication avec son animal. Cela permet de soulager l\u2019animal en rendant au gardien la responsabilit\u00e9 de sa propre lib\u00e9ration.<\/p>\n<\/div>\n<\/div>\n\n\n\n<div class=\"wp-block-column is-layout-flow wp-block-column-is-layout-flow\" style=\"flex-basis:33.33%\">\n<div class=\"wp-block-group has-ti-bg-inv-background-color has-background is-layout-constrained wp-container-core-group-is-layout-138c33e9 wp-block-group-is-layout-constrained\" style=\"border-width:1px;padding-top:32px;padding-right:32px;padding-bottom:32px;padding-left:32px\">\n<h3 class=\"wp-block-heading has-text-align-center has-medium-font-size\">Le libre-arbitre<\/h3>\n\n\n\n<p class=\"has-text-align-center\">Les d\u00e9blocages et lib\u00e9rations suite \u00e0 une communication animale ne s&rsquo;ancreront que par la volont\u00e9 de l&rsquo;animal et\/ou de son gardien. Le praticien agit en tant que messager et m\u00e9diateur, mais il ne peut pas garantir de changements car ceux-ci d\u00e9pendent du libre-arbitre de l&rsquo;animal et de son gardien.<\/p>\n<\/div>\n<\/div>\n<\/div>\n<\/div>\n<\/div>\n<\/div>\n","protected":false},"excerpt":{"rendered":"<p>Une communication animale implique divers \u00e9l\u00e9ments essentiels \u00e0 avoir en t\u00eate avant de franchir le pas. Voir l&rsquo;animal autrement Dans une communication, l&rsquo;animal transmet des choses dans un plan autre que le plan physique dans lequel son gardien le conna\u00eet. Il est donc possible d\u2019avoir acc\u00e8s \u00e0 des \u00e9l\u00e9ments que le gardien ignore ou bien [&hellip;]<\/p>\n","protected":false},"author":1,"featured_media":0,"parent":0,"menu_order":0,"comment_status":"closed","ping_status":"closed","template":"","meta":{"footnotes":""},"class_list":["post-315","page","type-page","status-publish","hentry"],"_links":{"self":[{"href":"https:\/\/ninamichoux.com\/index.php?rest_route=\/wp\/v2\/pages\/315","targetHints":{"allow":["GET"]}}],"collection":[{"href":"https:\/\/ninamichoux.com\/index.php?rest_route=\/wp\/v2\/pages"}],"about":[{"href":"https:\/\/ninamichoux.com\/index.php?rest_route=\/wp\/v2\/types\/page"}],"author":[{"embeddable":true,"href":"https:\/\/ninamichoux.com\/index.php?rest_route=\/wp\/v2\/users\/1"}],"replies":[{"embeddable":true,"href":"https:\/\/ninamichoux.com\/index.php?rest_route=%2Fwp%2Fv2%2Fcomments&post=315"}],"version-history":[{"count":9,"href":"https:\/\/ninamichoux.com\/index.php?rest_route=\/wp\/v2\/pages\/315\/revisions"}],"predecessor-version":[{"id":423,"href":"https:\/\/ninamichoux.com\/index.php?rest_route=\/wp\/v2\/pages\/315\/revisions\/423"}],"wp:attachment":[{"href":"https:\/\/ninamichoux.com\/index.php?rest_route=%2Fwp%2Fv2%2Fmedia&parent=315"}],"curies":[{"name":"wp","href":"https:\/\/api.w.org\/{rel}","templated":true}]}}