{"id":484,"date":"2024-07-03T16:01:31","date_gmt":"2024-07-03T14:01:31","guid":{"rendered":"https:\/\/ninamichoux.com\/?page_id=484"},"modified":"2025-12-16T17:46:16","modified_gmt":"2025-12-16T16:46:16","slug":"partenariats-2","status":"publish","type":"page","link":"https:\/\/ninamichoux.com\/?page_id=484","title":{"rendered":"Partenariats"},"content":{"rendered":"\n<div class=\"wp-block-group alignfull is-layout-constrained wp-block-group-is-layout-constrained\" style=\"margin-top:0;margin-bottom:0;padding-top:64px;padding-bottom:64px\">\n<div class=\"wp-block-columns alignwide is-layout-flex wp-container-core-columns-is-layout-28232c24 wp-block-columns-is-layout-flex\">\n<div class=\"wp-block-column is-vertically-aligned-center is-layout-flow wp-block-column-is-layout-flow\" style=\"padding-top:24px;padding-right:24px;padding-bottom:24px;padding-left:24px\">\n<h2 class=\"wp-block-heading\">Les Joyaux d&rsquo;Epona <\/h2>\n\n\n\n<div class=\"wp-block-group is-layout-constrained wp-block-group-is-layout-constrained\">\n<p>Les Joyaux d&rsquo;Epona, c&rsquo;est avant tout Flavie, une cr\u00e9atrice passionn\u00e9e. Bijoux en crins de chevaux et poils d&rsquo;animaux, il y en a pour tous les go\u00fbts ! Flavie allie originalit\u00e9 et vibration, en associant des pierres de lithoth\u00e9rapie \u00e0 ses cr\u00e9ations.  Gr\u00e2ce \u00e0 notre rencontre, <strong>tous mes consultants<\/strong> b\u00e9n\u00e9ficient d&rsquo;une <strong>r\u00e9duction de 15%<\/strong> sur l&rsquo;ensemble de ses collections. En partenariat avec :<\/p>\n\n\n\n<div class=\"wp-block-group is-layout-constrained wp-block-group-is-layout-constrained\">\n<p>-&gt; <strong>Flavie Mahe<\/strong>, cr\u00e9atrice des bijoux artisanaux Les Joyaux d&rsquo;Epona<\/p>\n\n\n\n<p>Contact : @les.joyaux.depona<\/p>\n\n\n\n<p>Site internet : <a href=\"https:\/\/lesjoyauxdepona.com\/\">https:\/\/lesjoyauxdepona.com\/<\/a><\/p>\n\n\n\n<p><\/p>\n<\/div>\n<\/div>\n<\/div>\n\n\n\n<div class=\"wp-block-column is-layout-flow wp-block-column-is-layout-flow\">\n<figure class=\"wp-block-image size-full is-resized\"><img fetchpriority=\"high\" decoding=\"async\" width=\"2048\" height=\"2048\" src=\"https:\/\/ninamichoux.com\/wp-content\/uploads\/2024\/09\/charte-graphique-Flavie-2.jpeg\" alt=\"\" class=\"wp-image-517\" style=\"width:321px;height:auto\" srcset=\"https:\/\/ninamichoux.com\/wp-content\/uploads\/2024\/09\/charte-graphique-Flavie-2.jpeg 2048w, https:\/\/ninamichoux.com\/wp-content\/uploads\/2024\/09\/charte-graphique-Flavie-2-300x300.jpeg 300w, https:\/\/ninamichoux.com\/wp-content\/uploads\/2024\/09\/charte-graphique-Flavie-2-1024x1024.jpeg 1024w, https:\/\/ninamichoux.com\/wp-content\/uploads\/2024\/09\/charte-graphique-Flavie-2-150x150.jpeg 150w, https:\/\/ninamichoux.com\/wp-content\/uploads\/2024\/09\/charte-graphique-Flavie-2-768x768.jpeg 768w, https:\/\/ninamichoux.com\/wp-content\/uploads\/2024\/09\/charte-graphique-Flavie-2-1536x1536.jpeg 1536w\" sizes=\"(max-width: 2048px) 100vw, 2048px\" \/><\/figure>\n<\/div>\n<\/div>\n<\/div>\n\n\n\n<div class=\"wp-block-group alignfull is-layout-constrained wp-block-group-is-layout-constrained\" style=\"margin-top:0;margin-bottom:0;padding-top:64px;padding-bottom:64px\">\n<div class=\"wp-block-columns alignwide is-layout-flex wp-container-core-columns-is-layout-28232c24 wp-block-columns-is-layout-flex\">\n<div class=\"wp-block-column is-vertically-aligned-center is-layout-flow wp-block-column-is-layout-flow\" style=\"padding-top:24px;padding-right:24px;padding-bottom:24px;padding-left:24px\">\n<h2 class=\"wp-block-heading\">Pack \u00ab\u00a0ce lien qui vous unit\u00a0\u00bb<\/h2>\n\n\n\n<div class=\"wp-block-group is-layout-constrained wp-block-group-is-layout-constrained\">\n<p>Parce qu&rsquo;on ne pouvait pas s&rsquo;arr\u00eater l\u00e0, Flavie et moi avons d\u00e9cid\u00e9 d&rsquo;unir nos talents pour vous proposer ce <strong>pack exceptionnel, compos\u00e9 d&rsquo;une communication animale et d&rsquo;un bracelet en crins de cheval \u00e0 prix r\u00e9duit. <\/strong>L&rsquo;id\u00e9al pour vous ou pour offrir. Un pack imagin\u00e9 par des amoureuses des chevaux, pour les amoureux des chevaux. En partenariat avec :<\/p>\n\n\n\n<div class=\"wp-block-group is-layout-constrained wp-block-group-is-layout-constrained\">\n<p>-&gt; <strong>Flavie Mahe<\/strong>, cr\u00e9atrice des bijoux artisanaux Les Joyaux d&rsquo;Epona<\/p>\n\n\n\n<p>Contact : @les.joyaux.depona<\/p>\n\n\n\n<p>Site internet : <a href=\"https:\/\/lesjoyauxdepona.com\/\">https:\/\/lesjoyauxdepona.com\/<\/a><\/p>\n\n\n\n<p>Contactez-moi pour r\u00e9server votre pack ou pour obtenir une carte cadeau !<\/p>\n<\/div>\n<\/div>\n<\/div>\n\n\n\n<div class=\"wp-block-column is-layout-flow wp-block-column-is-layout-flow\">\n<figure class=\"wp-block-image size-full is-resized\"><img decoding=\"async\" width=\"2048\" height=\"2048\" src=\"https:\/\/ninamichoux.com\/wp-content\/uploads\/2024\/09\/Visuel-post-partenariat-pack.jpeg\" alt=\"\" class=\"wp-image-520\" style=\"width:321px;height:auto\" srcset=\"https:\/\/ninamichoux.com\/wp-content\/uploads\/2024\/09\/Visuel-post-partenariat-pack.jpeg 2048w, https:\/\/ninamichoux.com\/wp-content\/uploads\/2024\/09\/Visuel-post-partenariat-pack-300x300.jpeg 300w, https:\/\/ninamichoux.com\/wp-content\/uploads\/2024\/09\/Visuel-post-partenariat-pack-1024x1024.jpeg 1024w, https:\/\/ninamichoux.com\/wp-content\/uploads\/2024\/09\/Visuel-post-partenariat-pack-150x150.jpeg 150w, https:\/\/ninamichoux.com\/wp-content\/uploads\/2024\/09\/Visuel-post-partenariat-pack-768x768.jpeg 768w, https:\/\/ninamichoux.com\/wp-content\/uploads\/2024\/09\/Visuel-post-partenariat-pack-1536x1536.jpeg 1536w\" sizes=\"(max-width: 2048px) 100vw, 2048px\" \/><\/figure>\n<\/div>\n<\/div>\n<\/div>\n","protected":false},"excerpt":{"rendered":"<p>Les Joyaux d&rsquo;Epona Les Joyaux d&rsquo;Epona, c&rsquo;est avant tout Flavie, une cr\u00e9atrice passionn\u00e9e. Bijoux en crins de chevaux et poils d&rsquo;animaux, il y en a pour tous les go\u00fbts ! Flavie allie originalit\u00e9 et vibration, en associant des pierres de lithoth\u00e9rapie \u00e0 ses cr\u00e9ations. Gr\u00e2ce \u00e0 notre rencontre, tous mes consultants b\u00e9n\u00e9ficient d&rsquo;une r\u00e9duction de [&hellip;]<\/p>\n","protected":false},"author":1,"featured_media":0,"parent":0,"menu_order":0,"comment_status":"closed","ping_status":"closed","template":"","meta":{"footnotes":""},"class_list":["post-484","page","type-page","status-publish","hentry"],"_links":{"self":[{"href":"https:\/\/ninamichoux.com\/index.php?rest_route=\/wp\/v2\/pages\/484","targetHints":{"allow":["GET"]}}],"collection":[{"href":"https:\/\/ninamichoux.com\/index.php?rest_route=\/wp\/v2\/pages"}],"about":[{"href":"https:\/\/ninamichoux.com\/index.php?rest_route=\/wp\/v2\/types\/page"}],"author":[{"embeddable":true,"href":"https:\/\/ninamichoux.com\/index.php?rest_route=\/wp\/v2\/users\/1"}],"replies":[{"embeddable":true,"href":"https:\/\/ninamichoux.com\/index.php?rest_route=%2Fwp%2Fv2%2Fcomments&post=484"}],"version-history":[{"count":6,"href":"https:\/\/ninamichoux.com\/index.php?rest_route=\/wp\/v2\/pages\/484\/revisions"}],"predecessor-version":[{"id":637,"href":"https:\/\/ninamichoux.com\/index.php?rest_route=\/wp\/v2\/pages\/484\/revisions\/637"}],"wp:attachment":[{"href":"https:\/\/ninamichoux.com\/index.php?rest_route=%2Fwp%2Fv2%2Fmedia&parent=484"}],"curies":[{"name":"wp","href":"https:\/\/api.w.org\/{rel}","templated":true}]}}