{"id":548,"date":"2025-02-04T13:53:44","date_gmt":"2025-02-04T12:53:44","guid":{"rendered":"https:\/\/ninamichoux.com\/?page_id=548"},"modified":"2026-03-13T13:39:07","modified_gmt":"2026-03-13T12:39:07","slug":"le-parcours-jeune-cheval","status":"publish","type":"page","link":"https:\/\/ninamichoux.com\/?page_id=548","title":{"rendered":"Le Parcours Jeune Cheval"},"content":{"rendered":"\n<p class=\"has-text-align-center\">Gr\u00e2ce \u00e0 mon exp\u00e9rience et \u00e0 mes formations professionnelles dans l&rsquo;accompagnement de l&rsquo;humain et de l&rsquo;animal, je vous propose ici un parcours in\u00e9dit, sur-mesure, pour vous et votre jeune cheval. <\/p>\n\n\n\n<div class=\"wp-block-group is-layout-constrained wp-block-group-is-layout-constrained\">\n<div class=\"wp-block-columns is-layout-flex wp-container-core-columns-is-layout-28f84493 wp-block-columns-is-layout-flex\">\n<div class=\"wp-block-column is-layout-flow wp-block-column-is-layout-flow\" style=\"flex-basis:100%\">\n<div class=\"wp-block-group is-layout-constrained wp-container-core-group-is-layout-19e250f3 wp-block-group-is-layout-constrained\">\n<div class=\"wp-block-group is-layout-constrained wp-block-group-is-layout-constrained\">\n<div class=\"wp-block-media-text has-media-on-the-right is-stacked-on-mobile\" style=\"margin-top:var(--wp--preset--spacing--70);margin-bottom:var(--wp--preset--spacing--70)\"><div class=\"wp-block-media-text__content\">\n<p class=\"has-text-align-left\">Le Parcours Jeune Cheval est un r\u00e9el aboutissement pour moi. En alliant travail \u00e0 pied, communication animale multidimensionnelle et accompagnement \u00e9motionnel et \u00e9nerg\u00e9tique de l&rsquo;humain, c&rsquo;est en effet LE service qui r\u00e9unit le plus l&rsquo;ensemble de mes comp\u00e9tences. <\/p>\n\n\n\n<p>Ce que j&rsquo;ai mis des ann\u00e9es \u00e0 construire, je vous le transmets ici en 6 mois, gr\u00e2ce \u00e0 ce suivi personnalis\u00e9. <\/p>\n\n\n\n<p>Le Parcours est disponible en pr\u00e9sentiel ou en distanciel.<\/p>\n\n\n\n<div class=\"wp-block-group has-ti-fg-background-color has-background is-layout-constrained wp-container-core-group-is-layout-d2603112 wp-block-group-is-layout-constrained\" style=\"padding-top:24px;padding-right:24px;padding-bottom:24px;padding-left:24px\">\n<h3 class=\"wp-block-heading has-ti-bg-color has-text-color has-link-color wp-elements-1b77e702bebd99767e56058959a65800\">Camille &amp; Mahera<\/h3>\n\n\n\n<p class=\"has-ti-bg-color has-text-color has-link-color wp-elements-339c1f29157ddb576feb3e748cb65cd9\">\u00ab\u00a0J\u2019ai eu la chance d\u2019\u00eatre accompagn\u00e9e par Nina pendant 6 mois gr\u00e2ce au parcours jeune cheval avec ma jument Mahera, et je recommande son accompagnement sans h\u00e9sitation&#8230;\u00a0\u00bb<\/p>\n\n\n\n<details class=\"wp-block-details has-ti-bg-color has-text-color has-link-color wp-elements-1ed774d5a6646ffdad109f54b9a9124e is-layout-flow wp-block-details-is-layout-flow\"><summary>Lire en entier<\/summary>\n<p>\u00ab&nbsp;J\u2019ai eu la chance d\u2019\u00eatre accompagn\u00e9e par Nina pendant 6 mois gr\u00e2ce au parcours jeune cheval avec ma jument Mahera, et je recommande son accompagnement sans h\u00e9sitation.<\/p>\n\n\n\n<p>Je manquais de confiance dans l\u2019\u00e9ducation de ma jument malgr\u00e9 mes bases en savoirs \u00e9thologiques. L\u2019approche de Nina, qui allie travail \u00e0 pied et communication animale, m\u2019a tout de suite parl\u00e9 : une approche globale et respectueuse du cheval.<\/p>\n\n\n\n<p>J\u2019ai particuli\u00e8rement appr\u00e9ci\u00e9 sa p\u00e9dagogie, sa douceur et sa bienveillance. Sa flexibilit\u00e9 dans la fr\u00e9quence des s\u00e9ances m\u2019a permis d\u2019avancer \u00e0 mon rythme, sans pression.&nbsp;<\/p>\n\n\n\n<p>Gr\u00e2ce \u00e0 elle, j\u2019ai notamment appris \u00e0 utiliser la r\u00e9compense alimentaire avec justesse et respect, alors que cela me faisait peur au d\u00e9part.<\/p>\n\n\n\n<p>Pendant ces 6 mois, j\u2019ai aussi pris conscience de l\u2019importance de ma posture dans la relation avec ma jument : poser un cadre clair cr\u00e9e plus de s\u00e9curit\u00e9, pour elle comme pour moi.<\/p>\n\n\n\n<p>Aujourd\u2019hui, je me sens beaucoup plus sereine pour continuer le pr\u00e9-d\u00e9bourrage \u00e0 pied. Mahera a gagn\u00e9 en maturit\u00e9 \u00e9motionnelle et notre relation est bas\u00e9e sur une vraie confiance mutuelle.<\/p>\n\n\n\n<p>Je recommande cet accompagnement \u00e0 tous les propri\u00e9taires de jeunes chevaux qui souhaitent construire une relation solide et travailler en profondeur avec leur cheval.<\/p>\n\n\n\n<p>Je suis tr\u00e8s reconnaissante d\u2019avoir crois\u00e9 le chemin de Nina : je n\u2019aurais certainement pas avanc\u00e9 aussi vite sans son accompagnement \u00bb<\/p>\n\n\n\n<p><em>Camille Florentin, <a href=\"https:\/\/www.instagram.com\/tavoieestlibre\/\">@tavoieestlibre<\/a><\/em><\/p>\n<\/details>\n<\/div>\n<\/div><figure class=\"wp-block-media-text__media\"><img fetchpriority=\"high\" decoding=\"async\" width=\"731\" height=\"1024\" src=\"https:\/\/ninamichoux.com\/wp-content\/uploads\/2024\/12\/1000040741-1-2-731x1024.jpg\" alt=\"\" class=\"wp-image-558 size-full\" srcset=\"https:\/\/ninamichoux.com\/wp-content\/uploads\/2024\/12\/1000040741-1-2-731x1024.jpg 731w, https:\/\/ninamichoux.com\/wp-content\/uploads\/2024\/12\/1000040741-1-2-214x300.jpg 214w, https:\/\/ninamichoux.com\/wp-content\/uploads\/2024\/12\/1000040741-1-2-768x1075.jpg 768w, https:\/\/ninamichoux.com\/wp-content\/uploads\/2024\/12\/1000040741-1-2-1097x1536.jpg 1097w, https:\/\/ninamichoux.com\/wp-content\/uploads\/2024\/12\/1000040741-1-2-1463x2048.jpg 1463w, https:\/\/ninamichoux.com\/wp-content\/uploads\/2024\/12\/1000040741-1-2-scaled.jpg 1829w\" sizes=\"(max-width: 731px) 100vw, 731px\" \/><\/figure><\/div>\n\n\n\n<div class=\"wp-block-media-text has-media-on-the-right is-stacked-on-mobile\" style=\"margin-top:var(--wp--preset--spacing--70);margin-bottom:var(--wp--preset--spacing--70)\"><div class=\"wp-block-media-text__content\">\n<p class=\"has-text-align-left\"><strong>D\u00e9roul\u00e9 : <\/strong><\/p>\n\n\n\n<p><strong>-&gt;<\/strong> Accompagnement pour le pr\u00e9-d\u00e9bourrage sur une dur\u00e9e de 6 mois \u00e0 raison de 2 s\u00e9ances\/mois<\/p>\n\n\n\n<p><strong>-&gt;<\/strong> 5 s\u00e9ances de travail \u00e0 pied <\/p>\n\n\n\n<p><strong>-&gt;<\/strong> 3 communications animales (en distanciel)<\/p>\n\n\n\n<div class=\"wp-block-buttons is-content-justification-center is-layout-flex wp-container-core-buttons-is-layout-a6d9f191 wp-block-buttons-is-layout-flex\" style=\"margin-top:var(--wp--preset--spacing--40);margin-bottom:var(--wp--preset--spacing--40)\">\n<div class=\"wp-block-button is-style-outline is-style-outline--1\"><a class=\"wp-block-button__link has-ti-fg-color has-text-color has-link-color wp-element-button\" href=\"https:\/\/ninamichoux.com\/?page_id=540\">D\u00e9couvrez la communication animale<\/a><\/div>\n<\/div>\n\n\n\n<p><strong>-&gt;<\/strong> 2 accompagnements de l\u2019humain (en distanciel)<\/p>\n\n\n\n<div class=\"wp-block-buttons is-content-justification-center is-layout-flex wp-container-core-buttons-is-layout-a6d9f191 wp-block-buttons-is-layout-flex\" style=\"margin-top:var(--wp--preset--spacing--40);margin-bottom:var(--wp--preset--spacing--40)\">\n<div class=\"wp-block-button is-style-outline is-style-outline--2\"><a class=\"wp-block-button__link has-ti-fg-color has-text-color has-link-color wp-element-button\" href=\"https:\/\/ninamichoux.com\/?page_id=530\">D\u00e9couvrez l&rsquo;accompagnement de l&rsquo;humain <\/a><\/div>\n<\/div>\n\n\n\n<p><strong>-&gt;<\/strong> Un entretien de d\u00e9but de parcours et un entretien de fin de parcours<\/p>\n\n\n\n<p><strong>-&gt;<\/strong> Un suivi entre les s\u00e9ances<\/p>\n<\/div><figure class=\"wp-block-media-text__media\"><img decoding=\"async\" width=\"731\" height=\"1024\" src=\"https:\/\/ninamichoux.com\/wp-content\/uploads\/2025\/01\/1000040736-731x1024.jpg\" alt=\"\" class=\"wp-image-566 size-full\" srcset=\"https:\/\/ninamichoux.com\/wp-content\/uploads\/2025\/01\/1000040736-731x1024.jpg 731w, https:\/\/ninamichoux.com\/wp-content\/uploads\/2025\/01\/1000040736-214x300.jpg 214w, https:\/\/ninamichoux.com\/wp-content\/uploads\/2025\/01\/1000040736-768x1075.jpg 768w, https:\/\/ninamichoux.com\/wp-content\/uploads\/2025\/01\/1000040736-1097x1536.jpg 1097w, https:\/\/ninamichoux.com\/wp-content\/uploads\/2025\/01\/1000040736-1463x2048.jpg 1463w, https:\/\/ninamichoux.com\/wp-content\/uploads\/2025\/01\/1000040736-scaled.jpg 1828w\" sizes=\"(max-width: 731px) 100vw, 731px\" \/><\/figure><\/div>\n\n\n\n<div class=\"wp-block-media-text has-media-on-the-right is-stacked-on-mobile\" style=\"margin-top:var(--wp--preset--spacing--70);margin-bottom:var(--wp--preset--spacing--70)\"><div class=\"wp-block-media-text__content\">\n<p class=\"has-text-align-left\"><strong>Conditions :<\/strong><\/p>\n\n\n\n<p><strong>-&gt;<\/strong> Etre majeur OU faire signer une autorisation parentale pr\u00e9alable<\/p>\n\n\n\n<p><strong>-&gt;<\/strong> Si pr\u00e9sentiel : \u00eatre situ\u00e9 dans un p\u00e9rim\u00e8tre \u00e9quivalent \u00e0 3h de route maximum pour un d\u00e9part de Villefranche\/Sa\u00f4ne (France)<\/p>\n<\/div><figure class=\"wp-block-media-text__media\"><img decoding=\"async\" width=\"1024\" height=\"731\" src=\"https:\/\/ninamichoux.com\/wp-content\/uploads\/2025\/01\/1000040743-1024x731.jpg\" alt=\"\" class=\"wp-image-589 size-full\" srcset=\"https:\/\/ninamichoux.com\/wp-content\/uploads\/2025\/01\/1000040743-1024x731.jpg 1024w, https:\/\/ninamichoux.com\/wp-content\/uploads\/2025\/01\/1000040743-300x214.jpg 300w, https:\/\/ninamichoux.com\/wp-content\/uploads\/2025\/01\/1000040743-768x548.jpg 768w, https:\/\/ninamichoux.com\/wp-content\/uploads\/2025\/01\/1000040743-1536x1097.jpg 1536w, https:\/\/ninamichoux.com\/wp-content\/uploads\/2025\/01\/1000040743-2048x1463.jpg 2048w\" sizes=\"(max-width: 1024px) 100vw, 1024px\" \/><\/figure><\/div>\n\n\n\n<div class=\"wp-block-media-text has-media-on-the-right is-stacked-on-mobile\" style=\"margin-top:var(--wp--preset--spacing--70);margin-bottom:var(--wp--preset--spacing--70)\"><div class=\"wp-block-media-text__content\">\n<p class=\"has-text-align-left\"><strong>Points forts : <\/strong><\/p>\n\n\n\n<ul class=\"wp-block-list\">\n<li>Suivi sur-mesure sur une longue p\u00e9riode<\/li>\n\n\n\n<li>Prise en compte du point de vue du jeune cheval sur sa propre \u00e9ducation (harnachement, mode de vie, moment id\u00e9al pour aborder la monte etc.)<\/li>\n\n\n\n<li>Communications animales de qualit\u00e9 par une formatrice de l&rsquo;ECAMT (Ecole de Communication Animale Multidimensionnelle et Th\u00e9rapeutique, certifi\u00e9e Qualiopi)<\/li>\n\n\n\n<li>Travail \u00e9motionnel et \u00e9nerg\u00e9tique du jeune cheval en parall\u00e8le de celui de son cavalier<\/li>\n\n\n\n<li>Application des m\u00e9thodes de V\u00e9ronique de Saint-Vaulry, Capucine Por\u00e9e et Andy Booth en travail \u00e0 pied<\/li>\n<\/ul>\n<\/div><figure class=\"wp-block-media-text__media\"><img loading=\"lazy\" decoding=\"async\" width=\"732\" height=\"1024\" src=\"https:\/\/ninamichoux.com\/wp-content\/uploads\/2025\/01\/1000040737-732x1024.jpg\" alt=\"\" class=\"wp-image-569 size-full\" srcset=\"https:\/\/ninamichoux.com\/wp-content\/uploads\/2025\/01\/1000040737-732x1024.jpg 732w, https:\/\/ninamichoux.com\/wp-content\/uploads\/2025\/01\/1000040737-214x300.jpg 214w, https:\/\/ninamichoux.com\/wp-content\/uploads\/2025\/01\/1000040737-768x1075.jpg 768w, https:\/\/ninamichoux.com\/wp-content\/uploads\/2025\/01\/1000040737-1097x1536.jpg 1097w, https:\/\/ninamichoux.com\/wp-content\/uploads\/2025\/01\/1000040737-1463x2048.jpg 1463w, https:\/\/ninamichoux.com\/wp-content\/uploads\/2025\/01\/1000040737-scaled.jpg 1829w\" sizes=\"(max-width: 732px) 100vw, 732px\" \/><\/figure><\/div>\n\n\n\n<div class=\"wp-block-media-text has-media-on-the-right is-stacked-on-mobile\" style=\"margin-top:var(--wp--preset--spacing--70);margin-bottom:var(--wp--preset--spacing--70)\"><div class=\"wp-block-media-text__content\">\n<p class=\"has-text-align-left\"><strong>Tarif : <\/strong><\/p>\n\n\n\n<p><strong>-&gt;<\/strong> Comptant : 699 euros (10% de r\u00e9duction appliqu\u00e9) <\/p>\n\n\n\n<p><strong>-&gt;<\/strong> 3 fois sans frais : 259 euros\/mois pendant 3 mois<\/p>\n\n\n\n<p><strong>-&gt;<\/strong> 6 fois sans frais : 129,5 euros\/mois pendant 6 mois  <\/p>\n\n\n\n<p class=\"has-text-align-left\"><em>Les tarifs indiqu\u00e9s sont hors frais kilom\u00e9triques. Veuillez consulter les Conditions G\u00e9n\u00e9rales de Vente pour en avoir connaissance<\/em> <em>(si vous optez pour le Parcours en pr\u00e9sentiel).<\/em><\/p>\n<\/div><figure class=\"wp-block-media-text__media\"><img loading=\"lazy\" decoding=\"async\" width=\"1024\" height=\"731\" src=\"https:\/\/ninamichoux.com\/wp-content\/uploads\/2025\/01\/1000040735-1024x731.jpg\" alt=\"\" class=\"wp-image-571 size-full\" srcset=\"https:\/\/ninamichoux.com\/wp-content\/uploads\/2025\/01\/1000040735-1024x731.jpg 1024w, https:\/\/ninamichoux.com\/wp-content\/uploads\/2025\/01\/1000040735-300x214.jpg 300w, https:\/\/ninamichoux.com\/wp-content\/uploads\/2025\/01\/1000040735-768x549.jpg 768w, https:\/\/ninamichoux.com\/wp-content\/uploads\/2025\/01\/1000040735-1536x1097.jpg 1536w, https:\/\/ninamichoux.com\/wp-content\/uploads\/2025\/01\/1000040735-2048x1463.jpg 2048w\" sizes=\"(max-width: 1024px) 100vw, 1024px\" \/><\/figure><\/div>\n\n\n\n<div class=\"wp-block-media-text has-media-on-the-right is-stacked-on-mobile\" style=\"margin-top:var(--wp--preset--spacing--70);margin-bottom:var(--wp--preset--spacing--70)\"><div class=\"wp-block-media-text__content\">\n<p class=\"has-text-align-left\">Un pr\u00e9-d\u00e9bourrage de qualit\u00e9, c&rsquo;est mettre toutes ses chances de son c\u00f4t\u00e9 pour avoir un d\u00e9bourrage serein, et pour partir sur les meilleures bases relationnelles possibles avec son jeune cheval. <\/p>\n\n\n\n<p>Alors avant de penser d\u00e9bourrage&#8230; et si vous pensiez pr\u00e9-d\u00e9bourrage ? <\/p>\n\n\n\n<p><em>Pour des raisons de qualit\u00e9 d&rsquo;accompagnement, seulement 2 places sont disponibles par tranches de 6 mois sur Le Parcours Jeune Cheval. Pensez donc \u00e0 r\u00e9server la v\u00f4tre en amont.<\/em><\/p>\n<\/div><figure class=\"wp-block-media-text__media\"><img loading=\"lazy\" decoding=\"async\" width=\"731\" height=\"1024\" src=\"https:\/\/ninamichoux.com\/wp-content\/uploads\/2025\/01\/1000040739-731x1024.jpg\" alt=\"\" class=\"wp-image-573 size-full\" srcset=\"https:\/\/ninamichoux.com\/wp-content\/uploads\/2025\/01\/1000040739-731x1024.jpg 731w, https:\/\/ninamichoux.com\/wp-content\/uploads\/2025\/01\/1000040739-214x300.jpg 214w, https:\/\/ninamichoux.com\/wp-content\/uploads\/2025\/01\/1000040739-768x1075.jpg 768w, https:\/\/ninamichoux.com\/wp-content\/uploads\/2025\/01\/1000040739-1097x1536.jpg 1097w, https:\/\/ninamichoux.com\/wp-content\/uploads\/2025\/01\/1000040739-1463x2048.jpg 1463w, https:\/\/ninamichoux.com\/wp-content\/uploads\/2025\/01\/1000040739-scaled.jpg 1828w\" sizes=\"(max-width: 731px) 100vw, 731px\" \/><\/figure><\/div>\n<\/div>\n<\/div>\n<\/div>\n<\/div>\n\n\n\n<div class=\"wp-block-buttons is-content-justification-center is-layout-flex wp-container-core-buttons-is-layout-a6d9f191 wp-block-buttons-is-layout-flex\" style=\"margin-top:var(--wp--preset--spacing--40);margin-bottom:var(--wp--preset--spacing--40)\">\n<div class=\"wp-block-button is-style-outline is-style-outline--3\"><a class=\"wp-block-button__link has-ti-fg-color has-text-color has-link-color wp-element-button\" href=\"https:\/\/ninamichoux.com\/?page_id=386\">R\u00e9servez votre place<\/a><\/div>\n<\/div>\n<\/div>\n\n\n\n<p><\/p>\n\n\n\n<div class=\"wp-block-group alignwide is-layout-constrained wp-block-group-is-layout-constrained\">\n<div class=\"wp-block-columns alignfull are-vertically-aligned-center is-layout-flex wp-container-core-columns-is-layout-c29deffa wp-block-columns-is-layout-flex\" style=\"margin-top:var(--wp--preset--spacing--80);margin-bottom:var(--wp--preset--spacing--80)\">\n<div class=\"wp-block-column is-vertically-aligned-center is-layout-flow wp-container-core-column-is-layout-47e5a185 wp-block-column-is-layout-flow\"><\/div>\n\n\n\n<div class=\"wp-block-column is-vertically-aligned-center is-layout-flow wp-container-core-column-is-layout-47e5a185 wp-block-column-is-layout-flow\">\n<div class=\"wp-block-group is-vertical is-layout-flex wp-container-core-group-is-layout-40beb301 wp-block-group-is-layout-flex\" style=\"border-radius:5px\">\n<figure class=\"wp-block-image size-full\"><img loading=\"lazy\" decoding=\"async\" width=\"1080\" height=\"1080\" src=\"https:\/\/ninamichoux.com\/wp-content\/uploads\/2024\/05\/Design-sans-titre-19.png\" alt=\"\" class=\"wp-image-368\" srcset=\"https:\/\/ninamichoux.com\/wp-content\/uploads\/2024\/05\/Design-sans-titre-19.png 1080w, https:\/\/ninamichoux.com\/wp-content\/uploads\/2024\/05\/Design-sans-titre-19-300x300.png 300w, https:\/\/ninamichoux.com\/wp-content\/uploads\/2024\/05\/Design-sans-titre-19-1024x1024.png 1024w, https:\/\/ninamichoux.com\/wp-content\/uploads\/2024\/05\/Design-sans-titre-19-150x150.png 150w, https:\/\/ninamichoux.com\/wp-content\/uploads\/2024\/05\/Design-sans-titre-19-768x768.png 768w\" sizes=\"(max-width: 1080px) 100vw, 1080px\" \/><\/figure>\n\n\n\n<h3 class=\"wp-block-heading has-text-align-center\" style=\"padding-top:0;padding-right:var(--wp--preset--spacing--20);padding-bottom:0;padding-left:var(--wp--preset--spacing--20)\">Envie de faire plaisir ou de tendre la main \u00e0 un proche&nbsp;?<\/h3>\n\n\n\n<p class=\"has-text-align-center\">Cela est possible gr\u00e2ce aux bons cadeaux, disponibles pour le service de votre choix. N\u2019h\u00e9sitez pas \u00e0 me contacter pour les modalit\u00e9s<\/p>\n<\/div>\n<\/div>\n\n\n\n<div class=\"wp-block-column is-vertically-aligned-center is-layout-flow wp-container-core-column-is-layout-aceb6f81 wp-block-column-is-layout-flow\" style=\"padding-top:0;padding-right:0;padding-bottom:0;padding-left:0\"><\/div>\n<\/div>\n\n\n\n<div class=\"wp-block-columns alignfull are-vertically-aligned-center is-layout-flex wp-container-core-columns-is-layout-c29deffa wp-block-columns-is-layout-flex\" style=\"margin-top:var(--wp--preset--spacing--80);margin-bottom:var(--wp--preset--spacing--80)\">\n<div class=\"wp-block-column is-vertically-aligned-center is-layout-flow wp-container-core-column-is-layout-47e5a185 wp-block-column-is-layout-flow\"><\/div>\n\n\n\n<div class=\"wp-block-column is-vertically-aligned-center is-layout-flow wp-container-core-column-is-layout-47e5a185 wp-block-column-is-layout-flow\">\n<div class=\"wp-block-group is-vertical is-layout-flex wp-container-core-group-is-layout-40beb301 wp-block-group-is-layout-flex\" style=\"border-radius:5px\">\n<figure class=\"wp-block-image size-full\"><img loading=\"lazy\" decoding=\"async\" width=\"1080\" height=\"1080\" src=\"https:\/\/ninamichoux.com\/wp-content\/uploads\/2024\/09\/Carte-davantages-1.png\" alt=\"\" class=\"wp-image-512\" srcset=\"https:\/\/ninamichoux.com\/wp-content\/uploads\/2024\/09\/Carte-davantages-1.png 1080w, https:\/\/ninamichoux.com\/wp-content\/uploads\/2024\/09\/Carte-davantages-1-300x300.png 300w, https:\/\/ninamichoux.com\/wp-content\/uploads\/2024\/09\/Carte-davantages-1-1024x1024.png 1024w, https:\/\/ninamichoux.com\/wp-content\/uploads\/2024\/09\/Carte-davantages-1-150x150.png 150w, https:\/\/ninamichoux.com\/wp-content\/uploads\/2024\/09\/Carte-davantages-1-768x768.png 768w\" sizes=\"(max-width: 1080px) 100vw, 1080px\" \/><\/figure>\n\n\n\n<h3 class=\"wp-block-heading has-text-align-center\" style=\"padding-top:0;padding-right:var(--wp--preset--spacing--20);padding-bottom:0;padding-left:var(--wp--preset--spacing--20)\">Pour faciliter l&rsquo;acc\u00e8s au bien-\u00eatre, mettre en avant des cr\u00e9ateurs et faire des bonnes actions ensemble pour les animaux !<\/h3>\n\n\n\n<p class=\"has-text-align-center\">A chaque service command\u00e9 pour un m\u00eame foyer, vous cumulez des points qui correspondent \u00e0 des avantages : r\u00e9duction sur un service, cadeau surprise, ou encore versement \u00e0 l&rsquo;association de protection animale de votre choix<\/p>\n<\/div>\n<\/div>\n\n\n\n<div class=\"wp-block-column is-vertically-aligned-center is-layout-flow wp-container-core-column-is-layout-aceb6f81 wp-block-column-is-layout-flow\" style=\"padding-top:0;padding-right:0;padding-bottom:0;padding-left:0\"><\/div>\n<\/div>\n<\/div>\n\n\n\n<p><\/p>\n","protected":false},"excerpt":{"rendered":"<p>Gr\u00e2ce \u00e0 mon exp\u00e9rience et \u00e0 mes formations professionnelles dans l&rsquo;accompagnement de l&rsquo;humain et de l&rsquo;animal, je vous propose ici un parcours in\u00e9dit, sur-mesure, pour vous et votre jeune cheval. Le Parcours Jeune Cheval est un r\u00e9el aboutissement pour moi. En alliant travail \u00e0 pied, communication animale multidimensionnelle et accompagnement \u00e9motionnel et \u00e9nerg\u00e9tique de l&rsquo;humain, [&hellip;]<\/p>\n","protected":false},"author":1,"featured_media":0,"parent":0,"menu_order":0,"comment_status":"closed","ping_status":"closed","template":"","meta":{"footnotes":""},"class_list":["post-548","page","type-page","status-publish","hentry"],"_links":{"self":[{"href":"https:\/\/ninamichoux.com\/index.php?rest_route=\/wp\/v2\/pages\/548","targetHints":{"allow":["GET"]}}],"collection":[{"href":"https:\/\/ninamichoux.com\/index.php?rest_route=\/wp\/v2\/pages"}],"about":[{"href":"https:\/\/ninamichoux.com\/index.php?rest_route=\/wp\/v2\/types\/page"}],"author":[{"embeddable":true,"href":"https:\/\/ninamichoux.com\/index.php?rest_route=\/wp\/v2\/users\/1"}],"replies":[{"embeddable":true,"href":"https:\/\/ninamichoux.com\/index.php?rest_route=%2Fwp%2Fv2%2Fcomments&post=548"}],"version-history":[{"count":42,"href":"https:\/\/ninamichoux.com\/index.php?rest_route=\/wp\/v2\/pages\/548\/revisions"}],"predecessor-version":[{"id":657,"href":"https:\/\/ninamichoux.com\/index.php?rest_route=\/wp\/v2\/pages\/548\/revisions\/657"}],"wp:attachment":[{"href":"https:\/\/ninamichoux.com\/index.php?rest_route=%2Fwp%2Fv2%2Fmedia&parent=548"}],"curies":[{"name":"wp","href":"https:\/\/api.w.org\/{rel}","templated":true}]}}